+ 6*c**2 + 5. Let n be y(u). Suppose -n*l = -8*l + 21. What is the remainder when l is divided by 4?
3
Let f = 111 - 74. Suppose j = u - 3*u + 15, -5*j + 60 = -5*u. What is the remainder when f is divided by j?
11
Suppose -5*g - 2*j = -5*j + 1144, 2*j = 2*g + 456. Let r = g + 347. Calculate the remainder when r is divided by 30.
27
Let k = -14 - -22. Suppose 3*p - f - k = 0, p - 8 = -5*f + 4*f. Suppose -74 = -p*w + 34. Calculate the remainder when w is divided by 14.
13
Suppose 0 = w - 2*l - 6, -34 - 2 = -2*w - 4*l. Suppose h = -0*h + 2*y - 50, -h + 3*y = 53. Calculate the remainder when (-6 + 3)/(6/h) is divided by w.
10
Suppose -3*i - 4*a - 14 = -56, -5*a + 14 = i. Suppose 0 = -3*q + 4*n + 66, q + 0*n - i = 4*n. Let s = 5 - -9. Calculate the remainder when q is divided by s.
12
Let w = 3 - 6. Calculate the remainder when 13 is divided by 21*w/(-7 + -2).
6
Suppose 190 = 5*r - 1085. Suppose 5*q - 3*g - 2*g = r, 4*q + 2*g - 174 = 0. What is the remainder when q is divided by 16?
14
Let z = -6 - -12. Suppose 18 = w - 4. What is the remainder when w is divided by z?
4
Suppose -3*x + 9 = -5*t + 3, -3*t = 0. Suppose a + 19 = x*n, -3*a - 33 = -4*n - 2*a. What is the remainder when 25 is divided by n?
4
Let z = -3 + 7. What is the remainder when 13 is divided by z?
1
Suppose -3*p + 3*x = x - 25, 5*x = 20. Calculate the remainder when 23 - (-7)/(21/(-6)) is divided by p.
10
Suppose -i - i + 3*p - 34 = 0, -i = -3*p + 23. Let q = i - -19. Let m(j) = -j**2 - 10*j + 1. Calculate the remainder when m(-7) is divided by q.
6
Let r(k) = -6*k - 15. Let c be 222/10 + 3/(-15). Suppose 2*b - 4*b + c = 0. Calculate the remainder when r(-6) is divided by b.
10
Let t(s) = s - 4. What is the remainder when 27 is divided by t(11)?
6
Suppose 0 = 2*c - 7*c + 70. Let l = 7 - -1. Calculate the remainder when c is divided by l.
6
Let l = -68 - -118. Suppose -3*r = -2*r + 4*s - 2, 2*s - 82 = -5*r. Suppose -l + r = -x. Calculate the remainder when x is divided by 11.
10
Let v(t) = t**2 + 3*t + 2. Let d be v(-4). Calculate the remainder when ((-52)/d)/(4/(-6)) is divided by (-63)/(-3)*(-1)/(-3).
6
Suppose -3*j + 164 = j. What is the remainder when j is divided by (-2 - -1)/((-3)/63)?
20
Suppose 3*j = -0*j + 57. Suppose -4*v + g + 121 = j, -4*g + 86 = 3*v. What is the remainder when 49 is divided by v?
23
Let o = 28 - 18. Let g = 34 - 15. What is the remainder when g is divided by o?
9
Let z = 269 - 134. Suppose -25 = -4*f + z. Suppose 3*g - 8 = 5*q, -4*g + q + f = 1. Calculate the remainder when 20 is divided by g.
9
Let k be 3/(2 - -1 - 2). Let d be (243/6)/(k/4). Suppose d = 4*c - 58. What is the remainder when c is divided by 10?
8
Suppose -2*s = r - 288, r + 4 = -r. What is the remainder when s is divided by 37?
34
Let b(q) = -q**3 + 3*q**2 - 2. Let k be b(3). Let f = 4 + k. Suppose -f*a = -5 - 17. What is the remainder when a is divided by 6?
5
Suppose 0 = 3*g - 5*g + 40. Let w = g - -2. Calculate the remainder when w is divided by 6.
4
Suppose 0 = 3*y - 29 - 19. Calculate the remainder when 44 is divided by y.
12
Suppose -4*o - 8 = 0, 0 = -5*i - o - o + 61. Calculate the remainder when i is divided by 7.
6
Suppose k + 208 = -3*k + 2*a, 5*k = a - 263. Let b = 16 + k. What is the remainder when 52 is divided by -1 - (1 - b)/(-2)?
16
Let w(b) = -b**2 + 4*b - 5*b + 26 + 21 + 0*b. Calculate the remainder when w(0) is divided by 16.
15
Suppose -12 = -3*p + 7*p. Let l = p - -4. Let a = 0 - -1. What is the remainder when a is divided by l?
0
Suppose 0*x - 3 = -x. Let j = -12 - -22. Calculate the remainder when j is divided by x.
1
Let q be (-3 + 14/4)*-4. Let f(o) = -15*o - 5. What is the remainder when f(q) is divided by 14?
11
Let z(a) = -a**2 - 14*a - 9. What is the remainder when 73 is divided by z(-12)?
13
Let u(a) be the second derivative of -7*a**3/6 + a**2 - 3*a. What is the remainder when u(-5) is divided by 10?
7
Suppose z + 137 = 5*s, -3*s + 63 = 4*z - 33. Suppose -3*b - 2 + 32 = 0. Calculate the remainder when s is divided by b.
8
Let p = 10 - 5. Suppose p*s = -0*s + 90. Let w(a) = 6*a**2 - 2. What is the remainder when w(-3) is divided by s?
16
Let o = 4 + -2. Suppose o*q + 0*q - 3*t - 41 = 0, 3*q = -2*t + 42. What is the remainder when q is divided by 6?
4
Let v = 1 + -5. Let l be (-1)/(-2 - 6/v). Let r = 4 - l. What is the remainder when 3 is divided by r?
1
Let g(q) = q**3 + 7*q**2 - 4*q + 2. What is the remainder when g(-7) is divided by 12?
6
Suppose 5*l - 4*c - 29 = 0, -3*l = l - 5*c - 25. Suppose 4 + 111 = l*n. Calculate the remainder when n is divided by 12.
11
Let m(i) be the first derivative of i**2 + 4*i + 2. Suppose a + 3*a = 12. Calculate the remainder when 28 is divided by m(a).
8
Let z(u) = u**2 - u + 13. Let o(j) = j**2 + 3*j. Let h be o(-4). Suppose 0 = -h*r - 3*p + 3, -2 + 5 = -r + 3*p. What is the remainder when z(r) is divided by 4?
1
Let k = -84 - -128. Suppose 4*c + 4 = k. Let o(t) = 18*t**3 + 2*t**2 - t. What is the remainder when o(1) is divided by c?
9
Let c(s) be the first derivative of s**4/4 + 5*s**3/3 + s**2/2 + 2*s - 2. Calculate the remainder when c(-4) is divided by 4.
2
What is the remainder when (2 - (-304)/(-12))*-3 is divided by 18?
16
Let c(w) = 104*w**3 - w**2 + 3*w - 2. What is the remainder when c(1) is divided by 21?
20
Let b = 108 + -35. Calculate the remainder when b is divided by 19.
16
Let v(l) = 2 - 2*l - 2*l - l. What is the remainder when 286/9 + 2/9 is divided by v(-3)?
15
Suppose 3*z - 172 = 4*i, 0*i + i - 325 = -5*z. Suppose -4*b = -f - 77, f = 3*b - f - z. What is the remainder when b is divided by 5?
3
Suppose -104 = -3*m - 4*b, -3*m + 162 = 3*b + 63. Let g(l) = -l**3 - 7*l**2 - 9*l - 8. Calculate the remainder when m is divided by g(-6).
8
Suppose -4*l + 9*l - 4*x = 95, -3*l - x + 57 = 0. Calculate the remainder when 94 is divided by l.
18
What is the remainder when (2 - (-16)/6)*18/21 is divided by 2?
0
Let a(g) = g**3 + 8*g**2 + 2*g - 8. Let p(l) = l**2 + 4*l + 5. What is the remainder when a(-4) is divided by p(-5)?
8
Suppose 7*g = 3*g - 20. Let f be -4 - -82 - (2 + g). Suppose -4*c - f = -5*h, -2*h + 5*c = -26 - 3. What is the remainder when 48 is divided by h?
14
Let i(l) = 2*l**3 - 2*l**2 - l - 2. Let w be i(2). Suppose 0 = w*z + 3*g - 5*g - 62, -4*z + 77 = g. Calculate the remainder when 33 is divided by z.
15
Suppose -3*g = 5 - 59. Let f be 1/(-4) + 26/8. Suppose -2*x = -3*l - 71, -30 = -x - l + f. What is the remainder when x is divided by g?
16
Suppose -7 = 2*n + 4*j - 5*j, -3*n = 4*j + 38. Calculate the remainder when 97 is divided by n/(-4)*(-150)/(-9).
22
Suppose -h - 86 = -2*h. Calculate the remainder when h is divided by 40/(-30)*33/(-2).
20
Suppose 4 = 2*k - 6. Let r = 11 - k. Let w = r - -3. What is the remainder when 33 is divided by w?
6
Suppose 2*f - 4 = 4*v, -4*v - f = f - 12. Let r be (-2 + -5 + 1)/v. Let w = 9 + r. Calculate the remainder when 5 is divided by w.
2
Suppose k + 12 = 5*k. Suppose 3*x - 20 = 19. Let d = x - 7. Calculate the remainder when d is divided by k.
0
Calculate the remainder when 70 is divided by -21*(-2)/(-7)*-3.
16
Suppose 0 = 3*o - 2 - 34. Let a = -1 + o. Suppose -5*v = -98 - 2. Calculate the remainder when v is divided by a.
9
Let c(x) be the third derivative of 7*x**5/30 + x**4/24 + x**3/6 - 3*x**2. Calculate the remainder when 39 is divided by c(-1).
11
Suppose -w + 2*y = -2*w + 26, -4*y - 12 = -2*w. Suppose -2*s = -2*l - w, l + 0*l - 6 = -s. Calculate the remainder when s is divided by 5.
2
Suppose -145 = -6*o + o. What is the remainder when o is divided by 10?
9
Calculate the remainder when 23 is divided by (7 - 4)/1 - -10.
10
Let r(o) = -o**3 - 10*o**2 - 15*o - 2. What is the remainder when r(-10) is divided by 38?
34
Let c(b) = b**3 + 5*b**2 - 7*b - 1. Let q be c(-6). Calculate the remainder when 22 is divided by (3 - q)*(-4 + 0).
6
Let k(r) = -r + 25. Let m = -4 + 4. What is the remainder when k(m) is divided by 13?
12
Let g be -4*(-5)/(10/(-4)). Let l = 0 - g. Calculate the remainder when (-15)/(-10) + 86/4 is divided by l.
7
Let p = -93 + 99. What is the remainder when 87 is divided by p?
3
Let z(l) = -2*l**3 - 2*l**2 + 3*l + 3. Let k be z(-2). Suppose 0*c - 70 = -k*c. Calculate the remainder when 15/6*(21 - -1) is divided by c.
13
Suppose -m + 42 = 2